s 70 (base 8) in base 13?
44
Convert -51 (base 10) to base 2.
-110011
Convert 130 (base 6) to base 5.
204
0 (base 2) to base 11
0
-10 (base 2) to base 4
-2
Convert -202 (base 4) to base 6.
-54
Convert -7b (base 16) to base 3.
-11120
Convert 26 (base 16) to base 10.
38
47 (base 9) to base 5
133
What is 13b (base 13) in base 10?
219
Convert -1 (base 2) to base 13.
-1
What is -22 (base 9) in base 14?
-16
-151 (base 9) to base 3
-11201
Convert 82 (base 9) to base 7.
134
Convert -40 (base 8) to base 16.
-20
Convert b (base 16) to base 9.
12
Convert -34 (base 7) to base 15.
-1a
What is 110 (base 2) in base 15?
6
What is 6 (base 13) in base 9?
6
20 (base 15) to base 13
24
Convert -18 (base 16) to base 14.
-1a
Convert -24 (base 5) to base 7.
-20
1c (base 14) to base 7
35
What is -4 (base 16) in base 7?
-4
Convert 5 (base 6) to base 5.
10
Convert -255 (base 10) to base 5.
-2010
Convert -44 (base 5) to base 9.
-26
What is 1010110 (base 2) in base 6?
222
Convert 1 (base 2) to base 12.
1
Convert -a5 (base 15) to base 2.
-10011011
Convert -20 (base 10) to base 2.
-10100
Convert -1 (base 9) to base 10.
-1
What is 7 (base 15) in base 14?
7
-3 (base 6) to base 11
-3
Convert -7 (base 10) to base 6.
-11
-2 (base 6) to base 4
-2
-44 (base 15) to base 7
-121
Convert -100 (base 11) to base 8.
-171
-1 (base 12) to base 14
-1
-2 (base 6) to base 7
-2
142 (base 6) to base 10
62
Convert -11 (base 2) to base 12.
-3
Convert 124 (base 5) to base 4.
213
What is -193 (base 10) in base 5?
-1233
What is -107 (base 8) in base 13?
-56
111 (base 3) to base 16
d
-21 (base 7) to base 3
-120
What is 1110 (base 3) in base 14?
2b
Convert 1 (base 9) to base 10.
1
37 (base 12) to base 8
53
99 (base 14) to base 4
2013
Convert 1000 (base 5) to base 12.
a5
What is 2 (base 13) in base 14?
2
1 (base 11) to base 16
1
What is -9 (base 14) in base 15?
-9
What is 10 (base 9) in base 2?
1001
What is 10 (base 6) in base 4?
12
What is 310 (base 5) in base 10?
80
What is -7 (base 14) in base 5?
-12
-1 (base 15) to base 11
-1
What is 206 (base 8) in base 5?
1014
Convert -a (base 14) to base 11.
-a
Convert 1 (base 8) to base 11.
1
-14 (base 12) to base 4
-100
Convert 2101 (base 3) to base 4.
1000
Convert 60 (base 13) to base 9.
86
4 (base 6) to base 3
11
322 (base 4) to base 7
112
What is 7 (base 12) in base 3?
21
-2a (base 11) to base 13
-26
Convert -26 (base 11) to base 8.
-34
What is -1a (base 11) in base 7?
-30
Convert -11 (base 13) to base 15.
-e
-1101 (base 2) to base 7
-16
Convert 1 (base 10) to base 11.
1
Convert -1d (base 15) to base 9.
-31
What is d5 (base 14) in base 7?
355
What is 101 (base 2) in base 16?
5
Convert 2a (base 12) to base 7.
46
3 (base 4) to base 9
3
1 (base 15) to base 3
1
What is 20 (base 16) in base 7?
44
What is 14 (base 16) in base 15?
15
Convert -101011 (base 2) to base 6.
-111
-100 (base 2) to base 4
-10
Convert -2 (base 4) to base 7.
-2
What is -10 (base 7) in base 10?
-7
-126 (base 15) to base 10
-261
What is 6 (base 16) in base 8?
6
Convert -335 (base 6) to base 5.
-1011
0 (base 14) to base 9
0
Convert 1 (base 8) to base 10.
1
Convert -100 (base 2) to base 15.
-4
Convert -1 (base 15) to base 10.
-1
Convert 1a (base 13) to base 8.
27
What is 6 (base 8) in base 13?
6
Convert -12 (base 5) to base 2.
-111
-c (base 13) to base 16
-c
What is -3 (base 4) in base 13?
-3
55 (base 7) to base 10
40
What is -1420 (base 6) in base 13?
-228
Convert -154 (base 8) to base 14.
-7a
Convert -2 (base 5) to base 11.
-2
What is -10 (base 10) in base 16?
-a
-10111 (base 2) to base 16
-17
What is -12030 (base 4) in base 13?
-246
What is -6e (base 16) in base 4?
-1232
What is 0 (base 16) in base 7?
0
What is a (base 11) in base 3?
101
Convert 16 (base 14) to base 11.
19
Convert 3a (base 14) to base 3.
1221
What is -1 (base 14) in base 9?
-1
-3a (base 13) to base 5
-144
-48 (base 13) to base 4
-330
Convert -513 (base 7) to base 4.
-3333
What is 5 (base 7) in base 2?
101
Convert -3 (base 6) to base 15.
-3
What is -101 (base 2) in base 6?
-5
What is -100 (base 3) in base 11?
-9
What is 101000 (base 2) in base 9?
44
What is -11 (base 8) in base 2?
-1001
What is 20 (base 10) in base 4?
110
Convert 202 (base 10) to base 8.
312
-250 (base 7) to base 11
-111
What is -4 (base 8) in base 7?
-4
2 (base 7) to base 13
2
Convert 1 (base 11) to base 4.
1
Convert -48 (base 12) to base 9.
-62
What is 3 (base 4) in base 12?
3
What is 2 (base 6) in base 15?
2
11 (base 8) to base 4
21
10 (base 7) to base 13
7
Convert 0 (base 6) to base 16.
0
Convert -42 (base 16) to base 7.
-123
Convert 10 (base 11) to base 12.
b
-313 (base 4) to base 7
-106
4 (base 10) to base 2
100
-27 (base 8) to base 10
-23
What is -11 (base 3) in base 16?
-4
What is -4 (base 5) in base 8?
-4
What is -4d (base 14) in base 3?
-2120
-1 (base 11) to base 8
-1
What is 3 (base 4) in base 2?
11
Convert 2 (base 9) to base 5.
2
2b (base 13) to base 9
41
What is -3 (base 9) in base 15?
-3
-91 (base 14) to base 3
-11201
315 (base 7) to base 6
423
-333 (base 8) to base 15
-e9
2 (base 9) to base 3
2
Convert -1 (base 6) to base 12.
-1
9 (base 13) to base 9
10
36 (base 13) to base 15
30
What is 100 (base 6) in base 15?
26
Convert 101 (base 2) to base 5.
10
Convert 29 (base 11) to base 5.
111
2 (base 12) to base 9
2
Convert -95 (base 12) to base 7.
-221
What is -3 (base 11) in base 10?
-3
44 (base 16) to base 14
4c
38 (base 13) to base 16
2f
What is -5 (base 6) in base 8?
-5
Convert 101 (base 3) to base 6.
14
Convert -177 (base 10) to base 13.
-108
What is 81 (base 11) in base 13?
6b
Convert -1 (base 2) to base 11.
-1
11 (base 2) to base 9
3
What is 1 (base 3) in base 10?
1
Convert 4 (base 15) to base 13.
4
What is -3 (base 12) in base 9?
-3
Convert 75 (base 9) to base 11.
62
What is -109 (base 13) in base 14?
-ca
Convert 32 (base 7) to base 12.
1b
What is -11 (base 2) in base 6?
-3
What is -4 (base 13) in base 7?
-4
What is 28b (base 12) in base 13?
245
0 (base 5) to base 7
0
What is 1 (base 3) in base 14?
1
202 (base 3) to base 16
14
Convert 6 (base 15) to base 13.
6
What is 6 (base 7) in base 10?
6
-4 (base 8) to base 2
-100
Convert -5 (base 16) to base 15.
-5
Convert -3 (base 8) to base 12.
-3
Convert -8a (base 12) to base 9.
-127
What is 2 (base 14) in base 9?
2
b (base 12) to base 9
12
What is -15 (base 10) in base 15?
-10
Convert 175 (base 10) to base 7.
340
31 (base 5) to base 7
22
Convert 11 (base 4) to base 9.
5
Convert 2 (base 7) to base 15.
2
What is 0 (base 6) in base 16?
0
31 (base 10) to base 8
37
Convert -17 (base 13) to base 3.
-202
-452 (base 6) to base 13
-107
Convert 65 (base 9) to base 16.
3b
1 (base 14) to base 16
1
-3 (base 11) to base 6
-3
What is 17 (base 11) in base 9?
20
-120 (base 4) to base 9
-26
Convert 4 (base 9) to base 2.
100
Convert 6 (base 16) to base 11.
6
11 (base 2) to base 15
3
100 (base 3) to base 6
13
What is -3 (base 9) in base 15?
-3
What is -2 (base 5) in base 14?
-2
What is 2 (base 16) in base 14?
2
-1101 (base 3) to base 9
-41
Convert 5 (base 15) to base 12.
5
-13 (base 14) to base 7
-23
59 (base 13) to base 4
1022
Convert 3 (base 15) to base 12.
3
Convert 1 (base 3) to base 14.
1
What is 13 (base 14) in base 13?
14
What is -10110 (base 2) in base 10?
-22
1 (base 16) to base 3
1
What is -213 (base 5) in base 13?
-46
What is -2 (base 9) in base 2?
-10
Convert -70 (base 14) to base 10.
-98
-12 (base 16) to base 4
-102
0 (base 15) to base 14
0
Convert 156 (base 8) to base 11.
a0
4d (base 14) to base 16
45
-1ad (base 16) to base 3
-120220
Convert 2 (base 7) to base 14.
2
Convert 12 (base 16) to base 5.
33
-362 (base 10) to base 4
-11222
What is 2 (base 12) in base 13?
2
Convert -163 (base 12) to base 3.
-22010
What is 2 (base 11) in base 15?
2
Convert 3 (base 16) to base 11.
3
-101 (base 2) to base 10
-5
-11001 (base 3) to base 13
-85
What is 31 (base 6) in base 3?
201
-24 (base 6) to base 16
-10
Convert -111 (base 5) to base 16.
-1f
What is 110101 (base 2) in base 6?
125
Convert 30 (base 10) to base 9.
33
Convert 1 (base 15) to base 4.
1
-2 (base 5) to base 2
-10
12 (base 14) to base 13
13
What is -27 (base 16) in base 4?
-213
213 (base 5) to base 13
46
1 (base 2) to base 10
1
What is -1 (base 5) in base 7?
-1
What is 17 (base 8) in base 16?
f
Convert -5c (base 16) to base 9.
-112
Convert 0 (base 14) to b